 q = w + o. Does 7 divide q?
False
Let g = -24 - -50. Does 25 divide g?
False
Suppose -3*v + 17 = -4*h, -v = 2*h + 7 + 4. Let j be (-1)/h - 104/(-5). Is (-57)/(-21) - (-6)/j even?
False
Let i(o) = 9*o**2 + 2*o. Does 16 divide i(2)?
False
Let c = 71 + -24. Is 22 a factor of c?
False
Let l(r) = -r**2 - 5*r + 10. Let k be l(-7). Let p = k + 19. Is 6 a factor of p?
False
Suppose -2*j = -2*v + 14, 0*v = 4*v + 2*j - 34. Does 4 divide v?
True
Let y be ((-2)/5)/(1/10). Is -8*(1 + 1 + y) a multiple of 16?
True
Suppose -o - a = 1 + 8, 4*o = 3*a - 29. Is 15 a factor of (-36)/(-9)*(-118)/o?
False
Let k(j) = j + 3. Let y be k(0). Suppose -1 + y = i. Does 11 divide i/(-8) - 170/(-8)?
False
Let d = -1 + 3. Suppose -5*z = 4*k - 175, 4*k = d*k + 10. Is 18 a factor of z?
False
Let h be (-124)/(-7) + 4/14. Suppose h = m - 3. Is m a multiple of 21?
True
Suppose -p - 2*p + 2*a + 32 = 0, 2 = -2*a. Let z be (36/p)/((-8)/(-40)). Suppose 0 = -2*l - l + z. Is l a multiple of 3?
True
Suppose 0 = -14*d + 19*d - 345. Is d a multiple of 23?
True
Let w(o) = 439*o + 6. Does 38 divide w(1)?
False
Is 2 a factor of (1 + -4 - -4)*4?
True
Let m(h) = -h**3 + 2*h**2 + h. Let g be m(2). Suppose 2*n + 20 = -g*n. Is (3/(-2))/(n/30) a multiple of 5?
False
Suppose -5*y + 2*y - 4*z + 26 = 0, 2*z + 12 = y. Suppose 6*b - 12*b = -18. Suppose c - y = b. Does 13 divide c?
True
Let x(m) = -7*m + 11 - m + 7*m. Let w be x(8). Does 15 divide (-68)/(-2) + w + 0?
False
Suppose 0 = -8*l + 5*l + 6. Let m(z) = z**3 + z. Does 3 divide m(l)?
False
Suppose 15 = -3*h, -2*r + 0*h = -3*h - 11. Let x be (-1 - 9/6)*r. Suppose 0 = x*w + 15, 18 = 5*z + 5*w - 162. Does 19 divide z?
False
Suppose 24 - 108 = -4*r. Is 21 a factor of r?
True
Let w = 2 + -2. Suppose w*j - 2*j = 0. Suppose 3*p - 5 - 7 = j. Is 4 a factor of p?
True
Let w be (10/4)/((-1)/(-6)). Does 7 divide (-5)/w - 67/(-3)?
False
Suppose 5*b - 4*m - 214 = -3*m, -138 = -3*b + 3*m. Is 9 a factor of b?
False
Suppose -5*k = 5*s, 4*s + 29 = 4*k + 5. Suppose -47 = -k*b + 49. Let v = b + -10. Is v a multiple of 10?
False
Suppose m - 3*m = -4. Suppose 2*j = -m*j + 24. Is j a multiple of 3?
True
Let n(d) = d**2 + 5*d + 7. Let h(q) = q**3 + 3*q**2 + 1. Let z be h(-2). Let s be n(z). Let a = s - 36. Does 6 divide a?
False
Suppose s - 2*u - 14 = 6*s, 2*s + 6 = -u. Let w = s + 21. Is w a multiple of 7?
False
Does 28 divide 56 - 0*(-3)/12?
True
Suppose 5*g - 2*g = -4*h + 30, 4*h = -4*g + 36. Let l(j) be the second derivative of j**4/6 - 4*j**3/3 - j. Is l(g) a multiple of 12?
True
Suppose -2*w - 6 = -3*m, m - 15 = 6*m + 5*w. Suppose 4*s - 16 - 28 = m. Does 11 divide s?
True
Let z(p) = -6*p. Let h be z(-2). Suppose -2*n + h = 6. Suppose -n*c - 3 = -24. Is 6 a factor of c?
False
Suppose 35 = -m + 62. Does 6 divide m?
False
Let x(j) = -3*j - 7 + 7 + 5 + 10. Let s be x(11). Let c = 35 + s. Is c a multiple of 13?
False
Let g = 187 + -47. Does 24 divide g?
False
Let r(c) = 2*c**2 - 1. Let n be r(4). Suppose 0 = -5*b + 2 + 13. Suppose b*g + 4*l = n, 0 = 4*l - l + 6. Is g a multiple of 5?
False
Suppose 0 = 4*z + 2*r - 22, 26 = 2*z + r + 3*r. Suppose 6 = i + 5*c, 8 = 4*i + z*c - 16. Is i a multiple of 6?
True
Let z(l) = -63*l**2 - 7. Let f(p) = 31*p**2 + 3. Let q(w) = 5*f(w) + 2*z(w). Let h be q(-1). Suppose 3*y - 12 = h. Does 14 divide y?
True
Let j(f) = f + f**2 + 3*f + 4 - 14. Is 25 a factor of j(-10)?
True
Does 13 divide ((-55)/25)/((-1)/55)?
False
Let k(q) = q**3 + q**2. Let m be k(0). Suppose m = 2*y - 3*s - 21, 3 + 1 = y + 5*s. Does 4 divide y?
False
Let a be 32/14 - 2/7. Suppose -10 = 3*k + a, -5*k - 18 = d. Suppose 2*q - 66 = 3*g, 0 = q - g + d*g - 38. Does 18 divide q?
True
Suppose -1409 = -5*r + u, -3*r + 855 = -0*r - 3*u. Suppose -137 - 168 = -5*s. Suppose -r + s = -5*d. Is d a multiple of 20?
False
Let k(h) be the third derivative of -h**4/8 + 4*h**3/3 + 5*h**2. Is k(-5) a multiple of 23?
True
Suppose -80 = -2*s + 2*w, -2*w = -w - 3. Does 9 divide s?
False
Let k be 110/8 + (-9)/(-36). Suppose 0 = -2*h - k + 70. Does 14 divide h?
True
Let i = -9 + 9. Suppose -3*f = -2*n + 15, 0 = -4*n - 3*f + 2*f + 9. Suppose i = t - 3, 5*t - n*t - 36 = -2*w. Is 15 a factor of w?
True
Let r = 1 - 1. Suppose r = 7*k - 6*k - 20. Is 10 a factor of k?
True
Let c(h) = h**2 + h. Let a be c(-6). Let v = a + -19. Is v a multiple of 11?
True
Suppose -2*x = -4, 2*x = 3*d - 0*x - 236. Does 20 divide d?
True
Suppose -5*k = -4*r + 123, 67 = 2*r + 3*k - 0*k. Is r a multiple of 32?
True
Suppose -4*x + 33 = -7. Is 5 a factor of x?
True
Suppose 0 = -2*y - 4. Let m = 12 - y. Is 9 a factor of m?
False
Let h be 1/(1 + (-180)/182). Suppose h + 23 = 3*a. Is a a multiple of 19?
True
Let d(t) = -t**3 + 9*t**2 - 3*t - 11. Let k be d(8). Suppose -3*p = -k + 5. Does 3 divide p?
False
Suppose 0 = -3*m - 2*m + 310. Suppose 2*x = z - 20, x = -3*z + 6*x + m. Is z a multiple of 12?
True
Let h(l) = l**2 + 5*l + 4. Let u be (-2 - -9)/1*-1. Let j = 2 + u. Does 4 divide h(j)?
True
Let f be 0 - (3 + 1) - 126. Let x = f + 184. Does 18 divide x?
True
Let x(r) = -13*r - 2*r**3 - r**2 + 15 + r**3 + 12*r. Let m be 0 - (-1 - (-1 + 0)). Is 15 a factor of x(m)?
True
Let d(w) = -w**3 + w**2 - w. Let b(r) = -5*r**3 + 15*r**2 - 4*r - 3. Let l(c) = b(c) - 6*d(c). Is 15 a factor of l(-8)?
True
Suppose -5*p + 0*x + 4*x = -7, -p - 4*x - 13 = 0. Suppose 72 = -5*i + 267. Is 19 a factor of i + p + 2 - 2?
True
Is 653/3 + 20/(-30) a multiple of 17?
False
Let z = 22 - 46. Is ((-8)/(-3))/((-2)/z) a multiple of 24?
False
Let t = 23 + -4. Is 13 a factor of t?
False
Let x(i) = i**2 + 2*i - 4. Let p be x(-10). Suppose -p + 196 = 5*t. Is t a multiple of 12?
True
Suppose 2*b - 4 = 0, 3*b + 0*b - 18 = -2*v. Suppose 3*z - 15 = -0*w - 4*w, 4 = w + z. Suppose v*y = w*y + 204. Is y a multiple of 23?
False
Let p = -22 + 25. Is p even?
False
Suppose -4 - 1 = -f. Is 5 a factor of f?
True
Suppose 0 = 2*h - 3*h + 5*g - 11, -2*g = -4*h + 10. Suppose 5*z = -3*r - 135, 5*z + 140 = -h*r - 0*r. Let b = z + 36. Does 6 divide b?
True
Suppose -7*n = -2*n - 10. Let d(y) = 7*y**2. Does 9 divide d(n)?
False
Suppose 4*t - 27 = 3*z, 3*t - 5*z = -4*z + 24. Let s(a) = 3*a + 10. Is s(t) a multiple of 17?
False
Suppose 0 = 3*a + 2*t - 130, -a = -4*t - 15 - 33. Is a a multiple of 11?
True
Let u(l) = l**3 - 5*l**2 - 9*l - 10. Does 4 divide u(7)?
False
Does 5 divide 40*(-2 - (-20)/8)?
True
Let j(y) = -6*y**2 - y - 2. Let z(p) = -5*p**2 - p - 2. Let k(s) = 4*j(s) - 5*z(s). Does 22 divide k(-5)?
True
Let i(x) = x**2 - x + 1. Let t(r) = -r - 4. Let b be t(-5). Let y(h) = 4*h**2 + 4*h + 13. Let f(j) = b*y(j) - 3*i(j). Is f(-7) a multiple of 10?
True
Let a(s) = -33*s + 6. Let i be a(4). Suppose -3*c = -4*c - 186. Let z = i - c. Does 21 divide z?
False
Let l(v) = -v**3 - v + 2. Let b be l(0). Suppose a - 6*a = -5*u + 90, -b*u - 5*a = -15. Is 6 a factor of u?
False
Let p(r) = 5*r**2 + r - 1. Let n be p(1). Suppose 0*w + 115 = 4*c - n*w, 30 = c - w. Is 11 a factor of c?
False
Let p(g) = 3*g**3 - 3*g**3 + g**2 - g + 3*g**3 - 2*g**3 + 11. Let l be p(0). Suppose 2*n - l - 63 = 0. Does 25 divide n?
False
Let j(g) = -g**3 - 5*g**2 - g. Suppose -5*n = 42 - 12. Does 11 divide j(n)?
False
Let b(h) be the first derivative of h**7/840 + h**6/72 - h**5/120 + h**3/3 - 1. Let r(x) be the third derivative of b(x). Is r(-5) a multiple of 3?
False
Suppose 13 = -2*v - h, 3*h - 30 = 5*v + 19. Let j = 3 + -7. Let q = j - v. Is q a multiple of 4?
True
Let d = 114 - 34. Is 20 a factor of d?
True
Let w(v) = -v + 2. Let s be w(2). Suppose -d + s*o + 3*o + 4 = 0, 0 = 3*d - 4*o - 37. Is 9 a factor of d?
False
Suppose -14 = -4*m + 66. Is m a multiple of 10?
True
Suppose 2*j - 2 = 4. Is 8 a factor of (12/1)/(j/2)?
True
Let v = -6 + 36. Suppose -8*p + 10 = -3*p. Suppose 0*x + v = p*x. Does 9 divide x?
False
Let c(y) = y**2 + 9*y. Let m(q) = 3*q + 7. Let l be m(-5). Let i be c(l). Is 7 a factor of (i - -1)/(2/(-4))?
True
Let d(z) = -6*z - 4. Let k(p) = -p. Let i(h) = -d(h) + 5*k(h). Is 8 a factor of i(5)?
False
Let g = -23 + 10. Let f = -9 - g. Suppose -3*q + 114 = 3*c, -2*c - 31 = f*q - 187. Does 28 divide q?
False
Suppose 3*t + 45 = 6. Let a = t + 35. Is 4 a factor of a?
False
Let c(v) = v**2 - 2*v + 25. Is c(11) a multiple of 25?
False
Let b be (-1)/((-3)/18*2). Suppose 2*i + 28 = b*i. Does 14 divide